1
Let h(n) = n - 105. Let v(p) = 13. Let i(k) = -h(k) - 6*v(k). Give i(9).
18
Let w be 1/5*250/100. Let q(l) be the first derivative of -8 - w*l**2 + 2*l. Give q(-2).
4
Let b(v) = -15*v + 3. Let a(g) = 4*g - 8. Let t(l) = -6*l + 10. Let r(p) = -5*a(p) - 4*t(p). Let o(y) = -b(y) - 4*r(y). Give o(11).
-14
Let c(y) = -y**2 + 9*y - 8. Let l be c(7). Let o(g) = 1 - 2 + g**2 + 7 + l*g. Suppose -31*i + 44*i + 91 = 0. Determine o(i).
13
Let z(u) = 10*u**2 - 5*u - 6. Let t be z(-1). Let g(d) = 1. Let a(l) = 2*l - 15. Let m(b) = -a(b) + 6*g(b). Give m(t).
3
Let j(h) = -5*h**3 + 26*h**2 + 40*h + 42. Let q(g) = 4*g**3 - 26*g**2 - 41*g - 28. Let t(a) = 5*j(a) + 6*q(a). Determine t(-24).
-6
Suppose -10295*w - 13 = -10282*w. Let x(s) = 10*s + 6. Give x(w).
-4
Suppose -4*x - 9 + 1 = 0. Let i(q) = -3*q + 540. Let k(a) = -8*a + 1530. Let l(r) = -17*i(r) + 6*k(r). Give l(x).
-6
Let y(o) = 7*o**2 - 3*o + 1. Let m be 265/1060*(0 - (-1 - 7)). What is y(m)?
23
Let k(m) = m**2 - 10*m - 77. Let g be (15*(-18)/(-81) + (-4 - 1))*-9. What is k(g)?
-2
Suppose -r = -4, -5*p + 28 = 4*r + 7. Suppose 0 = 21*k - 19*k. Let u = p + k. Let g(q) = -4*q**3 + q**2 - 1. Calculate g(u).
-4
Let a(k) = 2*k**2 - 4*k + 2. Suppose -22*o + 573 - 309 = 0. Let y(b) = b**3 + 2*b**2 - 3*b. Let i be y(2). Let u = o - i. Determine a(u).
2
Let j(u) = 31 - 10 + u**2 - 26 - 8*u. Determine j(-5).
60
Let z(o) = 6*o**3 - 4*o + 2. Let h(v) = 3*v**3 - v**2 - 2*v + 2. Let m(b) = 4*h(b) - 3*z(b). Give m(2).
-54
Let a = 82 - 82. Suppose a = -2*j - 25 + 31. Let m(y) = -y**2 - 2*y - 2. Determine m(j).
-17
Let f(q) = 12*q**3 - 19*q**2 + 9*q + 15. Let t(j) = 29*j**3 - 47*j**2 + 23*j + 38. Let i(s) = -12*f(s) + 5*t(s). Calculate i(5).
-5
Let g be (1 - (-222)/6) + 1. Let r be (g - 9)/15*5/(-2). Let m(d) = -d**2 - 4*d + 7. Calculate m(r).
2
Let m(i) = i**2 - 6*i + 3. Suppose -5*s + 13 = 4*u - 25, s = -2*u + 10. Let l = s - 21. Let z be (6/(-4))/(l/50). What is m(z)?
-2
Let g(l) = -123551*l - 391 - 123557*l + 247069*l. What is g(-10)?
-1
Let j(r) = r**2 + 2*r + 12. Let w(b) = 2*b**2 + 10*b + 5. Let l be w(-5). Let q(o) = o**2 + 11. Let a(z) = l*q(z) - 4*j(z). Calculate a(5).
-8
Let q = 369 + -367. Let x(c) = -q*c + 33*c**2 + 0*c + 0*c + 6*c - 32*c**2 - 28. Calculate x(-7).
-7
Let y(g) be the second derivative of 1/72*g**6 + 14*g + 0*g**2 + 0 + 13/12*g**4 + 0*g**3 + 1/120*g**5. Let u(v) be the third derivative of y(v). Give u(-1).
-9
Let x(p) = -p - 667 - p + 669. Let t(l) = l**3 + 6*l**2 - l - 4. Let b be t(-5). Let c = b - 29. Determine x(c).
8
Let d(b) = b - 21. Let f = 3137 + -3132. Give d(f).
-16
Let b = 3801/2 - 1900. Let v(x) be the second derivative of -1/6*x**4 + 2*x - 4/5*x**5 - b*x**2 + 0 - 1/3*x**3. Determine v(-1).
15
Let x(p) be the third derivative of -p**4/24 - 7*p**3/6 + 2*p**2. Let s be (90/27)/(7*(-16)/(-168)). What is x(s)?
-12
Let r(x) = 3*x**2 - 14*x**2 + 10*x + 10*x**2. Let b = 860 - 850. What is r(b)?
0
Let i = 4861/116472 + -1/14559. Let d(f) be the third derivative of -i*f**4 + 0 - 7/6*f**3 + 0*f - 38*f**2. Calculate d(-5).
-2
Let u(g) = 5 - 19489290*g + 19489430*g - 140. Calculate u(1).
5
Let t(s) = 2*s - 6. Let p be 17 - (5 - (-3 - -3)). Suppose -9*m + p*m + 4*z + 1 = 0, m + 3*z = 8. What is t(m)?
-20
Let n(p) = 4*p**2 + 0*p**2 - 25*p**2 + p**3 - p**2 + 22*p - 19. Let w be n(21). Let b(h) = w*h - h**2 - 8*h - 3*h**3 + 5*h + h**3 - 1. Give b(-2).
13
Let n(u) = -9*u**3 - u. Let d(z) = -327*z - 1211. Let o be d(-4). Suppose 3*i - 5*g = 263, 2*i - 125 = -4*g + 87. Let l = i - o. Determine n(l).
10
Let v(h) = h**3 + 11*h**2 + 12*h - 10. Let d(k) = -k**3 + 22*k**2 - 42*k + 31. Let a be d(20). What is v(a)?
44
Let x(g) = -g**3 + 136*g**2 + 7*g - 949. Let j be x(136). Let u(z) = 3*z**3 - 2*z**2 - 5*z - 2. Determine u(j).
46
Let y(j) = -j**3 - 10*j**2 + 12*j + 11. Let u(z) = 0*z + 6*z - 13584 + 6790 + 6799 - z**2. Let t = -2 - 0. Let m be u(t). Give y(m).
0
Let j(z) be the third derivative of 1/6*z**3 + 41/24*z**4 + 6*z + 0 - z**2. Determine j(1).
42
Let d(c) be the third derivative of 0 - 102*c**2 + 0*c - 1/12*c**4 - 11/6*c**3. Give d(-5).
-1
Let j(z) = -2 + 1199*z + 0 - 1201*z. Suppose 0 = -4*t + 2*t + 3*l - 11, 7 = -4*t + 3*l. Calculate j(t).
-6
Let i(y) = -y**2 + 21*y + 49. Suppose 24*n = -162*n + 4278. Give i(n).
3
Let y(c) = c. Let l be y(7). Let h(b) = 21 - 62*b + 30*b + 21*b. Let n(z) = 7*z - 14. Let d(p) = -5*h(p) - 8*n(p). Determine d(l).
0
Let n(h) = 106*h - 11983. Let z be n(113). Let d(p) = 33*p + 118. Determine d(z).
-47
Let z(c) = -91*c**3 - 21*c**2 + 20*c + 11. Let w(k) = 127*k**3 + 31*k**2 - 29*k - 17. Let x(m) = 5*w(m) + 7*z(m). What is x(5)?
-83
Let r be 1/(-5) - (-4 + (-732)/(-15)). Let q = r - -42. Let d(f) = 7*f + 16. Let j be d(q). Let v(p) = -p**3 - 5*p**2 + p + 1. What is v(j)?
-4
Let z(u) = -13 + 3*u + 20 - u**3 - 2*u - 5*u**2. Let k(s) = -s**3 - 2*s**2 + 11*s + 19. Let b be k(-3). Calculate z(b).
2
Suppose 0 = -126*s + 1243 + 899. Let o(t) = t**3 - 15*t**2 - 35*t - 23. What is o(s)?
-40
Let f(h) be the third derivative of -h**5/30 + 11*h**4/24 + 2*h**3 + 8*h**2 - 10. Let m be f(-1). Let x(q) = q - 4*q - 1 + 2. Determine x(m).
4
Let p(y) = -2*y**2 + y + 1. Let f(k) = -3*k**2 - 1. Let q(z) = -f(z) + p(z). Suppose 12*j - 30 + 6 = 0. Determine q(j).
8
Let f be ((-7 - -6)*-12)/(1*-2 - -3). Let b(m) = -3*m + 24. What is b(f)?
-12
Suppose 10*m + 34 - 24 = 0. Let h be (m/(4/(-10)))/(10/20). Let b(k) = -3*k + 5. What is b(h)?
-10
Let b(p) be the first derivative of -5*p**4/24 + p**3/6 - 10*p**2 + 3*p - 12. Let g(m) be the second derivative of b(m). Let h = -3 + 2. What is g(h)?
6
Let b(w) = w**3 + 11*w**2 + 9*w + 3. Suppose 14*g = 2*g + 72. Let j be -12*3*(-3)/(5 - 2). Suppose 3*y = g - j. Calculate b(y).
13
Let w(u) = -u - 2. Let y(r) = 3*r**2 + 30*r + 6. Suppose -4*f + 2*a - 44 = 0, 5*f + 6*a = 8*a - 54. Let z be y(f). Determine w(z).
-8
Let b(x) = x. Let f(d) = -3*d + 9. Let v(g) = -2*b(g) - f(g). Let m be (2 - 5 - -2)*1485/(-11). Let q = -124 + m. What is v(q)?
2
Let w(m) = -m**2 - 2*m + 7. Let s(h) = -4*h**2 - 23*h + 291. Let f(g) = -5*g**2 - 23*g + 292. Let l(y) = 3*f(y) - 4*s(y). Let c be l(-32). Determine w(c).
7
Let u(i) = -48*i**3 + 10*i**2 - 94*i + 82. Let z(j) = -17*j**3 + 4*j**2 - 31*j + 28. Let a(p) = 6*u(p) - 17*z(p). Determine a(11).
-28
Suppose 5*g - 5*z + 12 = g, 3*z = 12. Let k(m) = -m**2 - 7*m + 2. Let p(a) = -3 - 8 + 11 - a. Let t(n) = -k(n) + 6*p(n). Give t(g).
4
Suppose 3*y = -5*k + 234, 5*y + 1 = -9. Suppose -3*u = -15*u + k. Let a(v) = -v**2 + 3*v. What is a(u)?
-4
Let f = -1500 - -1488. Let t(p) = p**3 + p**2 - 130*p + 14. Calculate t(f).
-10
Let d(x) = -1852*x - 314. Let j(w) = -127*w - 21. Let p(s) = 3*d(s) - 44*j(s). Determine p(1).
14
Suppose 0 = -5*r - 4*w - 27 + 186, -2*r + w + 74 = 0. Let f(k) = -43 + 2*k**2 - r + 85 - 6*k. Give f(5).
27
Let z(u) = u**2 + 3*u + 3. Let d be z(-4). Let m(a) be the second derivative of a**3/6 + 7*a**2/2 - 79*a - 84. Determine m(d).
14
Let p(s) = -s**2 - 4*s + 4. Suppose 0*c + 2*x = 3*c - 33, c = -4*x + 11. Let v be (-2)/4*(-11)/(c/(-10)). Determine p(v).
-1
Let r be (-120)/100*(-1240)/12. Suppose 0 = 4*t + r - 84. Let w(i) = i**3 + 9*i**2 - 11*i - 5. Determine w(t).
5
Let m(c) = 2*c**3 + 2*c**2 + c. Let t(l) = -3*l**3 - 3*l**3 - 6*l**2 + 6*l**2 + l. Let v be t(1). Let s(b) = -3*b - 17. Let j be s(v). What is m(j)?
-10
Suppose 9 = -0*s + 2*s - b, -2*s + 3*b + 15 = 0. Let x(q) be the first derivative of -q**4/4 + 2*q**3/3 + 3*q - 125. Give x(s).
-6
Let q(z) = 2*z**2 - 4. Let m = 4168 + -4165. Give q(m).
14
Let z(i) = -2*i + 7. Let m be (-2)/20 - (-11 + 356/40). Suppose -12 + 26 = m*w. Calculate z(w).
-7
Let o(q) = -q + 51. Let f be o(33). Suppose -5*n - f = 2*p, -4*n + p = -p. Let k(b) = b**3. Determine k(n).
-8
Suppose -3890*r + 3885*r = -10, 0 = 3*q - 4*r - 4. Let p(b) = 11*b - 35. What is p(q)?
9
Let k(s) = -85*s**2 + 31*s - 2. Let y(o) = -82*o**2 + 25*o - 1. Let l(i) = 5*k(i) - 6*y(i). Give l(1).
68
Suppose f = -163*t + 166*t + 71, 0 = -2*t + 2*f - 50. Let x(j) = -20*j - 452. Determine x(t).
8
Suppose 0 = -7*n + 2*n + 2820. Let g(m) = 281*m + 283*m - m**2 - n*m. Let f = 0 + 2. Determine g(f).
-4
Let u be (12/3*-2 + 23)*-1. Let n(r) = r**2 + 16*r + 7. Determine n(u).
-8
Let s(q) be the first derivative of q**2/